 -s*r + 64, 0 = -2*r - 2*r - 4*j + 64. Calculate the remainder when 52 is divided by r.
10
Suppose 77 = 4*c - 123. What is the remainder when 948 is divided by c?
48
Let u be (-1180)/(-14) - 6/21. Suppose 5*j - 85 = -3*c, -c + u = 5*j + 9. What is the remainder when 27 is divided by j?
13
Let r = -92 + 131. Let j(s) = 3 - 1 - 12 + s**2 - 5*s. What is the remainder when r is divided by j(8)?
11
Suppose 47*k = -126 + 690. What is the remainder when 164 is divided by k?
8
Suppose -3*y = -y - 36. Let m = 38 - y. Let z = 239 - 231. Calculate the remainder when m is divided by z.
4
Let f be ((-168)/(-35))/(6/(-20)). Let t = f + 23. What is the remainder when 11 is divided by (3/5)/(t/35)?
2
Suppose 11*j - 8*j + 3*c - 156 = 0, 4*c + 80 = 2*j. Suppose 0 = 4*q + q - 50. What is the remainder when j is divided by q?
8
Suppose -17*x = -14*x - 300. Let t = x - 64. Suppose -p + 2*k + 15 = 0, -3*k = 7*p - 3*p - 49. Calculate the remainder when t is divided by p.
10
Let n = -8 - -3. Let f = 3 - n. Suppose -3*c = -2*s - 79, s = -c + 10 + 8. Calculate the remainder when c is divided by f.
7
Let v = 33 - 9. Let m = 41 - v. What is the remainder when 31 is divided by m?
14
Let a(p) = 2*p**2 - 4. Let d be a(4). Let i be (-264)/(-21) - 16/d. Suppose -v - 6 = v + 4*y, -2*v + 2*y = -i. What is the remainder when 6 is divided by v?
0
Let p = 19 + -6. Suppose 0*r - r = -p. What is the remainder when 14 is divided by 7/1 - (16 - r)?
2
Let n = -9 + 20. Let y be (-4 + 10)*(-1)/2. What is the remainder when (42/(-5))/(y/15*1) is divided by n?
9
Let l = 7 - 23. Let z = 31 + l. Let m(h) = 8*h**3 - 2*h**2 + 3*h - 3. What is the remainder when m(2) is divided by z?
14
Suppose 0 = -5*y + u + 50, y + u = 3 + 1. Let a(f) = f - 2*f**2 + f**2 + 8 + 9. What is the remainder when a(0) is divided by y?
8
Let s = -14 - -18. What is the remainder when 43 is divided by (-115)/(-10)*(s + -2)?
20
Let p(r) = r**2 - 5*r - 2. Let z be p(6). Let i(j) = 26*j - 21. What is the remainder when i(z) is divided by 28?
27
Let d = -25 - -26. Suppose 5*r - 126 = -d. What is the remainder when 72 is divided by r?
22
Suppose -15*t + 16*t - 286 = 0. Calculate the remainder when t is divided by 7.
6
Suppose 5*n + 22 = -4*k, -5*n = 4*k - 2*k + 26. Calculate the remainder when 30 is divided by (-63)/(-4) - (n/8)/3.
14
Let m(v) = -v**3 - 2*v**2 + v + 2. Let h be m(-2). Suppose 4*t + 0*t - 88 = h. Let d(n) = 41*n - 1915. Calculate the remainder when t is divided by d(47).
10
Suppose 2363 = 16*b - 1285. What is the remainder when b is divided by 26?
20
Let w = 393 + -343. Calculate the remainder when w is divided by (-267)/(-21) - 2/(-7).
11
Let c be (1 + 1)*(-45)/(-10). Suppose -21 = -5*j + c. Suppose -2*q - 128 = -3*v, -j*v + 205 = -v - 5*q. Calculate the remainder when v is divided by 16.
14
Let b(j) = 5*j + 1. Let y be b(3). Suppose r = -y + 113. Calculate the remainder when r is divided by 25.
22
Suppose -559 = -16*x + 545. Calculate the remainder when x is divided by 12.
9
Suppose -5*g - 27 + 120 = 2*w, -g - 273 = -5*w. Calculate the remainder when w is divided by 6.
0
Calculate the remainder when 214 is divided by (4 + -49)/9 - (-84 - 0).
56
Let v = 8 - 10. Let b be (-3 - v)*1*12. Let d = b - -16. What is the remainder when 6 is divided by d?
2
Let p(q) be the second derivative of q**5/20 + 13*q**4/12 + 5*q**3/2 - 9*q**2/2 + 11*q. Calculate the remainder when p(-11) is divided by 23.
22
Let s(v) = -v**2 + 8. Let y be s(-4). Suppose 2*q + 4*q = 180. Let i = y + q. Calculate the remainder when i is divided by 12.
10
Suppose -4*d - 12 = -4*t + 4, -3*t + d + 12 = 0. What is the remainder when 42 is divided by t?
2
Suppose -2*w = -4, -4*f + 0*w - 5*w = -138. Let s = 42 - f. Suppose 4*c - 31 = 85. Calculate the remainder when c is divided by s.
9
Let t(v) = -7*v + v - 3*v + 12. Suppose 6*b - 74 = 70. Calculate the remainder when t(-9) is divided by b.
21
What is the remainder when 894 is divided by 31 - (4/10)/(30/(-75))?
30
Let m = -1 - -6. Suppose -m*o - t + 72 = 0, 5*o - t - 74 = -3*t. Let y = 131 + -91. What is the remainder when y is divided by o?
12
Let d(l) = l**2 + 2*l - 6. Suppose 4*r = -3*c - 72, -c + 35 = -4*r - 53. What is the remainder when d(4) is divided by (r + 1)*18/(-72)?
3
Let o(q) = q**3 + 10*q**2 - 6*q - 44. What is the remainder when o(-10) is divided by 15?
1
Suppose -4*h = 4*o - 81 - 19, 0 = -o + 4*h + 45. What is the remainder when o is divided by 1 + 6 - 42/((-70)/5)?
9
Let c be (-2)/8 - 6015/(-60). Suppose l = 6*l - 20, w - c = -l. Suppose 4*r - w = -0*r. Calculate the remainder when r is divided by 9.
6
Let d = 1 - 1. Let j(r) = 18*r + 413. Let l be j(-20). Suppose d = 4*n + m - l, -3 + 57 = 3*n - 4*m. What is the remainder when 83 is divided by n?
13
Let w be 16/6*(-1 - (-1225)/10). Suppose -4*u - 3*n = -0*n - w, 4*n = 2*u - 162. What is the remainder when u is divided by 14?
11
Let w(z) = 8*z + 105. Calculate the remainder when 150 is divided by w(-11).
14
Suppose 12 = z - 4*z, 5*s = -4*z + 34. Let c(d) = -4*d + 3. Let h(m) = -3*m + 3. Let v(x) = -3*c(x) + 2*h(x). What is the remainder when v(7) is divided by s?
9
Let y(m) = 4*m + 106. Calculate the remainder when 1010 is divided by y(-15).
44
Let x = 16 - 9. Let z(l) = 14*l + 4. What is the remainder when z(x) is divided by 26?
24
Suppose v - 358 = -5*j, 3*v + j - 338 = 2*v. What is the remainder when v is divided by 67?
65
Suppose 19*d - 23*d + 404 = 0. Calculate the remainder when d is divided by 10.
1
Suppose 99 = 21*l - 573. What is the remainder when 113 is divided by l?
17
Let c = -117 - -167. Suppose 2*s + 0*f - 24 = 5*f, -3*s + 4*f = -c. Let g(m) = -2*m**3 + 14*m**2 - 10*m + 1. Calculate the remainder when s is divided by g(6).
9
Suppose 4*t - 3 = 21. Let s be (-6)/3*t/(-4). Suppose s*j - 3 = 15. What is the remainder when 21 is divided by j?
3
What is the remainder when 44*(-11)/20*-5 is divided by 55?
11
Let r(b) = 41*b - 133. What is the remainder when r(7) is divided by 79?
75
Let f(d) = 9*d**2 - d - 1. What is the remainder when 6/(-48)*6*-20 is divided by f(-1)?
6
Let l = 49 - 34. Let x(a) = a**2 - 13*a + 18. What is the remainder when l is divided by x(12)?
3
Let y = -41 - -74. Let d = -11935 + 11954. Calculate the remainder when y is divided by d.
14
Suppose -98 = 2*i - 6*i - 2*u, 5*i = -3*u + 125. Let p = 1292 + -1207. Calculate the remainder when p is divided by i.
19
Suppose -2*x + 11 = -17. Suppose 0 = 31*r + 3 + 90. Calculate the remainder when (r + 16)/(-4 + 91/21) is divided by x.
11
Let o be 1/(-4) - 4110/(-24). Let i = -117 + o. What is the remainder when i is divided by 19?
16
Suppose 0 = 2*u - 3*y + 2*y - 84, 4*u = y + 166. What is the remainder when u is divided by 15?
11
Suppose -2*m + 58 = 5*q - 218, -5*m = -3*q - 721. Suppose 5*k - 183 + 3 = 0. Calculate the remainder when m is divided by k.
35
Suppose -267 - 173 = -4*h. Suppose -5*y + 2*k = -y - h, -5*k = -4*y + 101. What is the remainder when y is divided by 10?
9
Let d = -9 + 52. Let j = 267 - 184. Calculate the remainder when j is divided by d.
40
Let o be 2/(-7) - 2934/(-126). Suppose -77*n = -76*n - o. What is the remainder when 89 is divided by n?
20
Let g = -1477 + 1546. What is the remainder when 202 is divided by g?
64
Let r = -25 - 10. Let l = 70 + r. Calculate the remainder when l is divided by 12.
11
Calculate the remainder when 181 is divided by (-4)/7 - 1160/(-70) - -5.
13
Suppose 4*t + 4*v = 4, t - 3 + 5 = 2*v. Suppose -w - 2*w = 2*x - 50, t = -4*x + 4. Calculate the remainder when 78 is divided by w.
14
Let b(l) = 3*l**2 - 9*l + 4. Let t be b(9). Let q = -138 + t. What is the remainder when 83 is divided by q?
27
Let p(o) = o**3 + 19*o**2 - 48*o - 93. Calculate the remainder when 148 is divided by p(-21).
16
Suppose 0 = 3*i - 4*l - 1237, -i + l + 368 = -43. What is the remainder when i is divided by 102?
101
Suppose -3 = j, -4*c + 348 = c + 4*j. Let a = c + -66. What is the remainder when a is divided by 2?
0
Suppose 3*z = -0*z + 171. Suppose -6*h + h + 195 = -5*s, 2*h - 81 = s. Suppose -2*g = 4*p - h, 2*g + g + 45 = 3*p. What is the remainder when z is divided by p?
9
What is the remainder when 58 is divided by (-5)/(-15) - ((-94)/6 - -1)?
13
Let w be ((-28)/(-7) + 2)*1/2. Suppose h - w*h + 4 = 0. Calculate the remainder when